factor of 4880?
True
Is 1920 a multiple of 60?
True
Is 3536 a multiple of 65?
False
Is 29 a factor of 18763?
True
Is 2190 a multiple of 30?
True
Is 14163 a multiple of 9?
False
Is 18 a factor of 8159?
False
Is 552 a multiple of 24?
True
Does 29 divide 2332?
False
Is 3517 a multiple of 7?
False
Is 39 a factor of 16497?
True
Does 96 divide 3495?
False
Is 49 a factor of 882?
True
Is 31997 a multiple of 88?
False
Is 18 a factor of 205?
False
Does 17 divide 213?
False
Does 6 divide 4380?
True
Does 4 divide 88?
True
Does 18 divide 2412?
True
Is 12 a factor of 70?
False
Does 47 divide 1426?
False
Is 32040 a multiple of 178?
True
Is 11652 a multiple of 45?
False
Is 987 a multiple of 54?
False
Does 22 divide 645?
False
Is 119 a factor of 657?
False
Is 33 a factor of 1442?
False
Does 10 divide 2514?
False
Is 21 a factor of 5712?
True
Does 72 divide 1296?
True
Is 18 a factor of 792?
True
Does 10 divide 1140?
True
Does 29 divide 3480?
True
Does 50 divide 1000?
True
Is 1445 a multiple of 85?
True
Is 35 a factor of 805?
True
Is 26 a factor of 91943?
False
Is 19 a factor of 564?
False
Does 135 divide 39015?
True
Is 199 a factor of 51740?
True
Does 67 divide 5024?
False
Is 2080 a multiple of 14?
False
Is 14 a factor of 10430?
True
Is 8 a factor of 129?
False
Does 315 divide 24570?
True
Is 144 a multiple of 4?
True
Is 102 a factor of 36720?
True
Does 24 divide 624?
True
Does 15 divide 628?
False
Does 28 divide 6536?
False
Is 621 a multiple of 5?
False
Does 43 divide 704?
False
Is 22168 a multiple of 34?
True
Is 91632 a multiple of 56?
False
Does 8 divide 504?
True
Is 89 a factor of 613?
False
Is 61 a factor of 3507?
False
Does 21 divide 2373?
True
Does 31 divide 12791?
False
Is 3 a factor of 314?
False
Does 14 divide 3262?
True
Is 7 a factor of 4151?
True
Is 36938 a multiple of 146?
True
Does 24 divide 888?
True
Is 31 a factor of 417?
False
Does 9 divide 156?
False
Is 21937 a multiple of 23?
False
Is 8400 a multiple of 200?
True
Does 40 divide 740?
False
Is 147 a factor of 4631?
False
Is 23129 a multiple of 101?
True
Is 7157 a multiple of 17?
True
Is 255 a multiple of 17?
True
Does 373 divide 29094?
True
Does 47 divide 15100?
False
Is 1140 a multiple of 114?
True
Does 13 divide 499?
False
Is 26 a multiple of 13?
True
Does 14 divide 655?
False
Is 26 a factor of 598?
True
Is 4124 a multiple of 4?
True
Is 53 a factor of 2112?
False
Is 8366 a multiple of 19?
False
Does 2 divide 36?
True
Does 4 divide 3048?
True
Is 6 a factor of 374?
False
Is 101909 a multiple of 61?
False
Is 7761 a multiple of 153?
False
Is 36 a factor of 562?
False
Is 1319 a multiple of 25?
False
Is 401 a multiple of 32?
False
Is 18 a factor of 7169?
False
Does 61 divide 26291?
True
Is 719 a multiple of 2?
False
Is 10604 a multiple of 22?
True
Is 14 a factor of 4144?
True
Is 250 a multiple of 50?
True
Is 33881 a multiple of 70?
False
Is 5002 a multiple of 61?
True
Does 100 divide 1485?
False
Is 64 a factor of 1375?
False
Is 5 a factor of 15110?
True
Is 16 a factor of 5040?
True
Is 4406 a multiple of 118?
False
Is 100 a factor of 37581?
False
Does 15 divide 57765?
True
Is 13 a factor of 260?
True
Is 4384 a multiple of 14?
False
Does 25 divide 2900?
True
Is 4653 a multiple of 33?
True
Is 28608 a multiple of 16?
True
Is 79 a factor of 3571?
False
Is 63 a factor of 12537?
True
Does 173 divide 52313?
False
Is 16 a factor of 45683?
False
Is 255 a multiple of 7?
False
Is 38304 a multiple of 48?
True
Is 658 a multiple of 45?
False
Is 29495 a multiple of 65?
False
Does 11 divide 1490?
False
Is 7 a factor of 1855?
True
Does 5 divide 3565?
True
Is 12 a factor of 951?
False
Does 143 divide 16067?
False
Does 51 divide 61098?
True
Is 108 a multiple of 17?
False
Does 15 divide 2083?
False
Is 18 a factor of 540?
True
Is 31 a factor of 6106?
False
Is 4 a factor of 46?
False
Is 50575 a multiple of 35?
True
Does 24 divide 168?
True
Does 17 divide 10183?
True
Does 4 divide 53?
False
Is 2736 a multiple of 57?
True
Does 10 divide 2599?
False
Is 21330 a multiple of 27?
True
Is 13143 a multiple of 13?
True
Does 42 divide 336?
True
Is 21 a factor of 1281?
True
Does 17 divide 737?
False
Does 111 divide 4401?
False
Is 9 a factor of 34578?
True
Is 104 a factor of 3393?
False
Is 18 a factor of 2142?
True
Does 17 divide 1122?
True
Is 148298 a multiple of 474?
False
Does 26 divide 8736?
True
Is 145 a factor of 5778?
False
Is 62769 a multiple of 343?
True
Is 4 a factor of 1361?
False
Does 26 divide 105?
False
Does 21 divide 10479?
True
Is 16 a factor of 6784?
True
Is 33 a factor of 932?
False
Is 33 a factor of 3235?
False
Is 9738 a multiple of 11?
False
Is 1633 a multiple of 71?
True
Does 12 divide 19980?
True
Does 4 divide 368?
True
Is 42 a factor of 19908?
True
Does 8 divide 1045?
False
Is 29 a factor of 6815?
True
Does 6 divide 588?
True
Is 32 a factor of 20066?
False
Is 728 a multiple of 6?
False
Does 4 divide 3213?
False
Does 11 divide 5629?
False
Is 34 a factor of 29901?
False
Does 22 divide 44?
True
Is 49 a factor of 1274?
True
Is 49 a factor of 2205?
True
Does 12 divide 1596?
True
Does 63 divide 833?
False
Is 21 a factor of 2541?
True
Is 176 a multiple of 22?
True
Is 19 a factor of 8363?
False
Does 12 divide 247?
False
Is 709 a multiple of 8?
False
Is 27 a factor of 621?
True
Is 12 a factor of 948?
True
Does 31 divide 743?
False
Is 13905 a multiple of 103?
True
Does 14 divide 1386?
True
Does 148 divide 3848?
True
Is 10 a factor of 152?
False
Is 25 a factor of 5025?
True
Is 4272 a multiple of 89?
True
Is 22 a factor of 3234?
True
Is 5450 a multiple of 50?
True
Is 37 a factor of 2089?
False
Does 81 divide 795?
False
Does 28 divide 531?
False
Is 4 a factor of 9460?
True
Is 17 a factor of 712?
False
Is 22 a factor of 990?
True
Is 47 a factor of 478?
False
Is 5 a factor of 30534?
False
Is 57942 a multiple of 29?
True
Is 122652 a multiple of 36?
True
Is 1424 a multiple of 112?
False
Is 400 a multiple of 9?
False
Is 15 a factor of 2640?
True
Is 2695 a multiple of 77?
True
Is 306 a multiple of 6?
True
Is 7 a factor of 2979?
False
Is 14021 a multiple of 160?
False
Is 8 a factor of 20488?
True
Is 224 a factor of 20052?
False
Does 102 divide 612?
True
Is 10 a factor of 26270?
True
Is 150 a multiple of 3?
True
Is 27404 a multiple of 13?
True
Is 32 a factor of 8461?
False
Is 1217 a multiple of 14?
False
Does 25 divide 4926?
False
Is 32805 a multiple of 243?
True
Does 12 divide 2597?
False
Is 19 a factor of 19?
True
Is 1733 a multiple of 21?
False
Is 2166 a multiple of 8?
False
Is 36051 a multiple of 20?
False
Is 534 a multiple of 3?
True
Is 56 a factor of 45640?
True
Is 1614 even?
True
Does 44 divide 129?
False
Does 122 divide 14599?
False
Is 29 a factor of 1073?
True
Is 6 a factor of 203?
False
Does 5 divide 900?
True
Is 960 a multiple of 15?
True
Is 10417 a multiple of 4?
False
Does 4 divide 1260?
True
Is 236 a factor of 40108?
False
Is 20 a factor of 1081?
False
Is 9047 a multiple of 17?
False
Is 6492 a multiple of 7?
False
Does 149 divide 11026?
True
Is 17 a factor of 8619?
True
Is 112 a factor of 185584?
True
Is 43406 a multiple of 8?
False
Is 5 a factor of 1393?
False
Is 278 a multiple of 40?
False
Is 74 a factor of 53354?
True
Does 12 divide 7279?
False
Does 11 divide 79577?
False
Is 1116 a multiple of 2?
True
Is 18 a factor of 1519?
False
Is 2112 a multiple of 32?
True
Does 28 divide 1484?
True
Is 3 a factor of 48?
True
Is 37 a factor of 20785?
False
Is 323 a multiple of 30?
False
Does 54 divide 1296?
True
Is 14 a factor of 98?
True
Is 312 a multiple of 26?
True
Is 16180 a multiple of 122?
False
Does 9 divide 25177?
False
Is 19 a factor of 4937?
False
Is 174 a multiple of 9?
False
Is 32 a factor of 541?
False
Is 2464 a multiple of 32?
True
Is 27225 a multiple of 165?
True
Is 34 a factor of 11560?
True
Does 87 divide 9831?
True
Does 99 divide 11660?
False
Is 26968 a multiple of 128?
False
Is 9 a factor of 360?
True
Is 6 a factor of 39594?
True
Does 2 divide 1048?
True
Is 18 a factor of 61902?
True
Does 30 divide 593?
False
Is 1650 a multiple of 24?
False
Does 19 divide 4257?
False
Does 73 divide 43548?
False
Does 154 divide 12359?
False
Is 3042 a multiple of 118?
False
Is 27 a factor of 588?
False
Is 18425 a multiple of 3?
False
Is 2211 a multiple of 18?
False
Does 31 divide 27610?
False
Is 1947 a multiple of 10?
False
I